8
Let k(q) be the third derivative of -q**6/120 - 7*q**5/60 - 3*q**4/8 - 3*q**3/2 - 46*q**2. What is k(-6)?
9
Let k(v) = -v**2 + 4*v - 5. Suppose -11*i - 15 = -14*i. Let b be (-4 + i)/((3/(-12))/(-1)). What is k(b)?
-5
Suppose 12 = 15*g - 12*g. Let h be ((-3)/g)/((-14)/(-112)). Let w(s) = -s**2 - 7*s + 6. Calculate w(h).
12
Let s(v) = -5*v**3 - 18*v**2 + 6*v + 5. Let w(h) = 9*h**3 + 34*h**2 - 11*h - 9. Let r(o) = 11*s(o) + 6*w(o). Give r(6).
1
Let a(q) = -q**3 - 14*q**2 - 13*q - 1. Let p = -30 - -17. Let h be a(p). Let l(r) be the first derivative of -3*r**2 + r - 1. Give l(h).
7
Let b(z) be the second derivative of -3/2*z**2 - 1/120*z**6 + 0*z**5 + 0 - 2*z + 1/24*z**4 + 1/3*z**3. Let p(u) be the first derivative of b(u). Determine p(2).
-4
Suppose -2*g = 3*h, 5*g = -3*h - 0 + 9. Let c(a) = g*a**2 - 3 + a**3 - 6*a + 2 - 2. Let r(y) = -y - 9. Let o be r(-5). What is c(o)?
5
Let c(d) = -2*d**2 - 2. Let n(j) = -9*j**2 - j - 15. Let i(f) = 5*c(f) - n(f). Let q = 10 + -6. Give i(q).
-7
Let v(f) = f**2 + f + 1. Let m(l) = -l**2 + 3*l - 4. Let p be m(2). What is v(p)?
3
Let y(c) = 16*c**3 - 17*c**3 - 8*c + 7*c. Give y(-2).
10
Let h(t) = -3*t**2 + 3*t**3 - 3*t + 5*t - 2*t**3 + t**3. What is h(2)?
8
Suppose -4*d - 35 = d. Let a(m) be the first derivative of -10*m - m**2 + 3 - 4*m + 7*m. Give a(d).
7
Let k be ((-5)/(-3))/((-15)/18). Let x(j) = -j**2 + 1. What is x(k)?
-3
Let y(g) be the second derivative of -g**4/12 + g**3 + g**2/2 + 41*g. What is y(6)?
1
Let n(v) = -v**3 - 8*v**2 - 3*v - 9. Suppose -118 - 42 = 20*f. Determine n(f).
15
Let p(l) = -l**3 + 4*l**2 + 6*l + 1. Let x = 281 - 276. Determine p(x).
6
Let h(l) = -25*l**3 + 2*l - 1. Suppose -8*j + 12*j = 32. Suppose 0 = -5*f - 4*i + 1 + j, 0 = 5*f + i - 6. Calculate h(f).
-24
Suppose -x = 2*x. Let o(h) be the first derivative of 9 + 1/2*h**2 - 5*h + 1/3*h**3. Give o(x).
-5
Suppose 3*o - 33 = -4*l, -2*o - 2*o - 32 = -l. Suppose 2*i + i + l = 0. Let d(u) = -2*u + 5*u - 4*u. Calculate d(i).
4
Let i(p) = 2*p**3 - p + 1. Let n be i(1). Let d(z) = z**3 - n*z**2 - z - 1 + 3*z**2 + 19. Let q(r) = r - 1. Let f be q(1). Determine d(f).
18
Let z(t) = -5*t - 5*t + 14*t - 5*t - 7*t. Give z(-3).
24
Let v(d) be the second derivative of d**5/20 - 5*d**4/6 - 13*d**3/6 + 6*d**2 + d - 82. Determine v(11).
-10
Let j(c) = -2*c - 5. Let b(w) = -w**2 - 12*w + 24. Suppose -5 = 3*n + 37. Let q be b(n). Calculate j(q).
3
Let q(i) = -2 + 0*i - i - 4*i + i. Let j be (-2)/(-4) - 27/(-18). What is q(j)?
-10
Suppose -j = 5*a + 37, -3*a = -0*a - 5*j + 39. Let l be 3/12 + 50/a. Let n(b) = b**2 - 5 + 3612*b + 0 + 3611*b - 7219*b. Calculate n(l).
7
Let g be (-33)/(-15) + (-32)/(-40). Let i(j) = 14 + g*j + j + 0*j - 10. Suppose 5*m - 10 = 5. Give i(m).
16
Let h(p) be the third derivative of p**4/6 + p**3 + 160*p**2. Determine h(-3).
-6
Let b(u) = 0 - 334*u**2 + 333*u**2 - 15 + 5*u. What is b(6)?
-21
Let p be 0 + -2 + (-4 - 8)/(-3). Let x(g) = 889*g - 884*g - 6 - 4*g**p + 5*g**2. Let u(f) = f**2 + 5*f - 6. Let k be u(-5). Calculate x(k).
0
Let r(a) be the second derivative of a**5/10 - a**2/2 - 21*a. Let o(p) = -p - 2. Let z be o(-4). Suppose u - z*q = 4, u + 2*q - 2 = -u. Calculate r(u).
15
Suppose 12*c - 4*c - 1176 = 0. Let b = 139 - c. Let s(r) = -r - 17. What is s(b)?
-9
Let t(n) = -2*n + 9. Let y be t(6). Let x(d) = -16*d**2 + 4*d + 3. Let q(v) = -3*v**2. Let b(f) = 6*q(f) - x(f). Determine b(y).
-9
Suppose -5*p + p + 20 = 0. Let s(j) = j**2 + 2*j - 7*j + 3 - 5 + 4. Determine s(p).
2
Suppose -9*y + 12 = -3*y. Let p(f) = 1 - 293*f + 294*f + 1 - 7*f**y. Calculate p(2).
-24
Let t(s) be the third derivative of s**4/24 + s**3 + 21*s**2. Let m be (-80)/(-24) - 1/3. Let v be m/(-1) - (-14)/(-7). Calculate t(v).
1
Let y(i) = -13 - 275*i - i**2 + 276*i + 1. Determine y(0).
-12
Let l(u) = -6*u + 2. Let p(k) = 34*k + 1. Let g(n) = 6*l(n) + p(n). Calculate g(3).
7
Let v(a) = -5*a - 213. Let x(u) = 3*u + 140. Let f(z) = 2*v(z) + 3*x(z). Suppose 0*m = 3*m. Calculate f(m).
-6
Let u(x) be the second derivative of x**5/20 + x**4/6 + x**3/6 + 3*x**2/2 + 771*x. Let m(c) = c**2 + 3*c - 1. Let s be m(-2). What is u(s)?
-9
Let i(f) be the second derivative of -f**3/6 + 2*f**2 - 12*f. Let u(k) = k - 12. Let p be u(11). Let t = p - 5. Calculate i(t).
10
Let j(a) = a. Let m = 1462 - 1461. Calculate j(m).
1
Let a(u) = 4 + 129*u - 60*u - 68*u. Determine a(-3).
1
Suppose 0 = -9*o - 89 + 584. Suppose 5*b - o = -5*d, b + 0*d - 4*d = -14. Let m(p) = -p**3 + 5*p**2 + 6*p + 5. Calculate m(b).
5
Let k(t) be the first derivative of -1/3*t**3 - 1 + 2*t + 0*t**2. Give k(0).
2
Suppose -5*r + 6*l + 15 = l, 2*l = -r + 18. Let t(v) = -v**2 + 8*v - 5. Let q be t(r). Let o(a) = a. Let g be o(q). Let m(i) = i + 2. Give m(g).
-3
Let j(s) be the second derivative of 0 - 1/20*s**5 - 1/4*s**4 + 16*s - s**2 - 1/2*s**3. Let q = 2 - 4. What is j(q)?
0
Let b(o) = 4*o - 57 + 22 + 2*o - 2*o. Let f be b(7). Let c(i) = i**2 + 7*i - 4. Calculate c(f).
-4
Let z(q) = -q**2 - 4*q - 5. Let b be z(-4). Let r(j) = -j**2 + 7*j - 10. Let x be r(5). Let g(c) = 4*c**2 + x*c**2 + 5 + 6*c + 0*c - 3*c**2. Determine g(b).
0
Let l(y) = 4*y + 7. Let a = -182 + 177. What is l(a)?
-13
Let k(o) = o**3 + 9*o**2 + 14*o - 10. Let h(d) = -2*d**2 + 47*d - 30. Let n be h(23). Determine k(n).
-10
Let b be (-87)/(-18)*-1 - (-17)/(-102). Let s be (-1 - 3)*(-1)/2. Let u(o) = -o**s + 6*o**2 - 2 + 2*o**3 - o**3. Give u(b).
-2
Let f(b) be the first derivative of -b**3/3 + 3*b**2 - b - 2. Suppose -2*n = -3 - 33. Let i = n + -12. Determine f(i).
-1
Let i(k) = -3*k**2 + 1. Suppose t = -6*g + g - 3, -9 = 3*g. Suppose 3*x + 3*h + t = 3, -3*h - 13 = x. Determine i(x).
-11
Let d(h) = 0 + 6*h - 2 + 0*h**2 + h**2. Suppose 24 = -4*w - b + 6*b, 2*w + 12 = -2*b. Give d(w).
-2
Let g(r) = r**2 - 9*r - 12. Let m(n) = 3*n**2 - 26*n - 34. Let z(p) = -7*g(p) + 2*m(p). Calculate z(11).
16
Let n(v) = v**2 + 11*v + 16. Suppose 623 = -5*o + 573. What is n(o)?
6
Let z(o) = -o - 4*o + 7*o - 2 + 1. Let x(s) = 6*s - 2. Let t(b) = 2*x(b) - 7*z(b). Calculate t(7).
-11
Let w = 323 + -324. Let h(s) = -11*s. Let y(l) = 6*l. Let c(t) = -6*h(t) - 10*y(t). Give c(w).
-6
Let k be -1 + 7/((-14)/(-12)). Let b be ((-2)/(k - 3))/1. Let z(f) = -3*f. Determine z(b).
3
Let m(t) = -t + 10. Let y = 5 + 0. Suppose 70 = y*g + i, -6*i = -g - i - 12. Let s = 19 - g. Determine m(s).
4
Let l be 6/2 - 6/(-18)*-9. Let d be (-1)/(4/(-12) + l). Let m(i) = 3*i**2 + 2. Calculate m(d).
29
Let l(q) = 2*q**2 - q + 4. Let d(f) = f**3 + 29*f**2 + 31*f + 88. Let i be d(-28). Determine l(i).
32
Let v(j) = 11*j**2 - 8*j + 5. Let p(g) = 5*g**2 - 4*g + 2. Let s(r) = 13*p(r) - 6*v(r). Give s(-4).
-4
Let i(k) = k**2 + 7*k + 8. Let b be ((-1)/2)/(4/32). Let n be i(b). Let r(y) = -y**3 - 5*y**2 - y - 4. Calculate r(n).
-16
Let q(d) be the third derivative of -d**4/12 + 5*d**3/6 + 35*d**2. Calculate q(3).
-1
Let s(k) = -k**3 + 11*k**2 + k - 2. Suppose -7*l - 29 = -106. What is s(l)?
9
Let g(y) = y**3 + 7*y**2 + 6. Let v = 23 + -22. Suppose -5*a = 4*n - n + v, 0 = -2*n + 4*a - 30. What is g(n)?
6
Let z(u) = 1 + 11*u**2 + 2*u**3 - 13*u**2 - u - 1. Determine z(2).
6
Let a(c) = c**2 - 5*c. Let q(t) = 2*t**2 - 11*t + 1. Let p(b) = 5*a(b) - 2*q(b). Calculate p(4).
2
Let g(q) = -2*q - 8. Let n be g(-5). Let d(r) = n*r**2 - 2*r**2 - 4*r - r**3 + 3*r + r**2. Let y be d(2). Let p(b) = -b**2 - 6*b + 4. Calculate p(y).
4
Let d(n) = n**3 - 6*n**2 + 3*n + 6. Let u be (-8 + (-275)/(-33))*15. Calculate d(u).
-4
Let f(m) be the third derivative of -1/6*m**3 + 0 + 0*m - 22*m**2 + 0*m**4 + 1/12*m**5 + 1/120*m**6. Determine f(-2).
11
Suppose -u + 5*j + 11 = -6, -3 = 3*u + 3*j. Let d(w) = -6*w**2 + 3*w. Give d(u).
-18
Let i(h) = 4*h - 6. Suppose 3*t + 58 - 37 = 0. Give i(t).
-34
Let l(v) = -6 - 2*v**2 + 3*v + 2*v - 1 + 0*v - 12*v. Determine l(-5).
-22
Let v be 4 + (-6 - -4) + 0. Let g(x) = -8*x + 3 + x**3 - 4*x**2 + 11*x - v*x**2. Give g(3).
-15
Let g(n) = -n**2 + 8*n + 5. Let w = 562 + -552. Give g(w).
-15
Let h(u) = 2*u. Let k be -2 + (25 - 2 - 0). Let d = k - 23. Determine h(d).
-4
Suppose 0 = -5*x + 34 - 4. Let s(g) be the second derivative of -1/6*g**3 - 19*g + 5*g**2 + 0. Give s(x).
4
Let g(r) be the second derivative of r**5/20 + 5*r**4/12 + r**3 + 3*r**2 - 14*r - 1. Let d be 4/22 - (-18)/22. L